{"id":2,"date":"2022-10-23T01:10:17","date_gmt":"2022-10-23T01:10:17","guid":{"rendered":"http:\/\/www.zsp3katowice.cal24.pl\/mp38\/?page_id=2"},"modified":"2026-01-19T14:00:33","modified_gmt":"2026-01-19T13:00:33","slug":"sample-page","status":"publish","type":"page","link":"https:\/\/www.zsp3katowice.cal24.pl\/mp38\/","title":{"rendered":"Co si\u0119 dzieje w przedszkolu?"},"content":{"rendered":"<ul class=\"wp-block-latest-posts__list is-grid columns-3 wp-block-latest-posts\"><li><div class=\"wp-block-latest-posts__featured-image aligncenter\"><img loading=\"lazy\" decoding=\"async\" width=\"150\" height=\"200\" src=\"https:\/\/www.zsp3katowice.cal24.pl\/mp38\/wp-content\/uploads\/2025\/09\/1000070869-1.jpg\" class=\"attachment-medium size-medium wp-post-image\" alt=\"\" style=\"\" \/><\/div><a class=\"wp-block-latest-posts__post-title\" href=\"https:\/\/www.zsp3katowice.cal24.pl\/mp38\/aktualnosci\/sredniaki-zajecia-i-zabawy\/\">Zaj\u0119cia i zabawy w \u015aredniakach<\/a><div class=\"wp-block-latest-posts__post-excerpt\">Rok szkolny 2025\/2026 TAK DBAMY O NASZ\u0104 PLANET\u0118 \ud83c\udf0d,\u2026 <a class=\"wp-block-latest-posts__read-more\" href=\"https:\/\/www.zsp3katowice.cal24.pl\/mp38\/aktualnosci\/sredniaki-zajecia-i-zabawy\/\" rel=\"noopener noreferrer\">Dowiedz si\u0119 wi\u0119cej<span class=\"screen-reader-text\">: Zaj\u0119cia i zabawy w \u015aredniakach<\/span><\/a><\/div><\/li>\n<li><div class=\"wp-block-latest-posts__featured-image aligncenter\"><img loading=\"lazy\" decoding=\"async\" width=\"267\" height=\"200\" src=\"https:\/\/www.zsp3katowice.cal24.pl\/mp38\/wp-content\/uploads\/2023\/03\/IMG-20230310-WA0017-1-267x200.jpg\" class=\"attachment-medium size-medium wp-post-image\" alt=\"\" style=\"\" srcset=\"https:\/\/www.zsp3katowice.cal24.pl\/mp38\/wp-content\/uploads\/2023\/03\/IMG-20230310-WA0017-1-267x200.jpg 267w, https:\/\/www.zsp3katowice.cal24.pl\/mp38\/wp-content\/uploads\/2023\/03\/IMG-20230310-WA0017-1-1024x768.jpg 1024w, https:\/\/www.zsp3katowice.cal24.pl\/mp38\/wp-content\/uploads\/2023\/03\/IMG-20230310-WA0017-1-768x576.jpg 768w, https:\/\/www.zsp3katowice.cal24.pl\/mp38\/wp-content\/uploads\/2023\/03\/IMG-20230310-WA0017-1-1536x1152.jpg 1536w, https:\/\/www.zsp3katowice.cal24.pl\/mp38\/wp-content\/uploads\/2023\/03\/IMG-20230310-WA0017-1.jpg 2000w\" sizes=\"auto, (max-width: 267px) 100vw, 267px\" \/><\/div><a class=\"wp-block-latest-posts__post-title\" href=\"https:\/\/www.zsp3katowice.cal24.pl\/mp38\/aktualnosci\/klub-zdrowego-przedszkolaka\/\">KLUB ZDROWEGO PRZEDSZKOLAKA<\/a><div class=\"wp-block-latest-posts__post-excerpt\">W naszym przedszkolu dzieci bior\u0105 udzia\u0142 w pofilaktycznych zaj\u0119ciach\u2026 <a class=\"wp-block-latest-posts__read-more\" href=\"https:\/\/www.zsp3katowice.cal24.pl\/mp38\/aktualnosci\/klub-zdrowego-przedszkolaka\/\" rel=\"noopener noreferrer\">Dowiedz si\u0119 wi\u0119cej<span class=\"screen-reader-text\">: KLUB ZDROWEGO PRZEDSZKOLAKA<\/span><\/a><\/div><\/li>\n<li><div class=\"wp-block-latest-posts__featured-image aligncenter\"><img loading=\"lazy\" decoding=\"async\" width=\"200\" height=\"200\" src=\"https:\/\/www.zsp3katowice.cal24.pl\/mp38\/wp-content\/uploads\/2026\/04\/Slajd2.jpg\" class=\"attachment-medium size-medium wp-post-image\" alt=\"\" style=\"\" \/><\/div><a class=\"wp-block-latest-posts__post-title\" href=\"https:\/\/www.zsp3katowice.cal24.pl\/mp38\/aktualnosci\/swiatowy-dzien-zdrowia-3\/\">\u015aWIATOWY DZIE\u0143 ZDROWIA<\/a><div class=\"wp-block-latest-posts__post-excerpt\">W \u015awiatowym Dniu Zdrowia 2026, WHO jednoczy i mobilizuje\u2026 <a class=\"wp-block-latest-posts__read-more\" href=\"https:\/\/www.zsp3katowice.cal24.pl\/mp38\/aktualnosci\/swiatowy-dzien-zdrowia-3\/\" rel=\"noopener noreferrer\">Dowiedz si\u0119 wi\u0119cej<span class=\"screen-reader-text\">: \u015aWIATOWY DZIE\u0143 ZDROWIA<\/span><\/a><\/div><\/li>\n<li><div class=\"wp-block-latest-posts__featured-image aligncenter\"><img loading=\"lazy\" decoding=\"async\" width=\"141\" height=\"200\" src=\"https:\/\/www.zsp3katowice.cal24.pl\/mp38\/wp-content\/uploads\/2026\/04\/Zbiorka-ksiazek.jpg\" class=\"attachment-medium size-medium wp-post-image\" alt=\"\" style=\"\" \/><\/div><a class=\"wp-block-latest-posts__post-title\" href=\"https:\/\/www.zsp3katowice.cal24.pl\/mp38\/aktualnosci\/zbiorka-ksiazek\/\">ZBI\u00d3RKA KSI\u0104\u017bEK<\/a><div class=\"wp-block-latest-posts__post-excerpt\">Szanowni rodzice, z okazji zbli\u017caj\u0105cego si\u0119 XIX Festynu Rodzinnego,\u2026 <a class=\"wp-block-latest-posts__read-more\" href=\"https:\/\/www.zsp3katowice.cal24.pl\/mp38\/aktualnosci\/zbiorka-ksiazek\/\" rel=\"noopener noreferrer\">Dowiedz si\u0119 wi\u0119cej<span class=\"screen-reader-text\">: ZBI\u00d3RKA KSI\u0104\u017bEK<\/span><\/a><\/div><\/li>\n<li><div class=\"wp-block-latest-posts__featured-image aligncenter\"><img loading=\"lazy\" decoding=\"async\" width=\"266\" height=\"200\" src=\"https:\/\/www.zsp3katowice.cal24.pl\/mp38\/wp-content\/uploads\/2025\/09\/IMG_20250920_230604.jpg\" class=\"attachment-medium size-medium wp-post-image\" alt=\"\" style=\"\" \/><\/div><a class=\"wp-block-latest-posts__post-title\" href=\"https:\/\/www.zsp3katowice.cal24.pl\/mp38\/aktualnosci\/zajecia-i-zabawy-w-starszakach\/\">Zaj\u0119cia i zabawy w Starszakach<\/a><div class=\"wp-block-latest-posts__post-excerpt\">Rok szkolny 2025\/2026, Realizacja projektu &#8222;Ma\u0142y Mi\u015b w \u015awiecie\u2026 <a class=\"wp-block-latest-posts__read-more\" href=\"https:\/\/www.zsp3katowice.cal24.pl\/mp38\/aktualnosci\/zajecia-i-zabawy-w-starszakach\/\" rel=\"noopener noreferrer\">Dowiedz si\u0119 wi\u0119cej<span class=\"screen-reader-text\">: Zaj\u0119cia i zabawy w Starszakach<\/span><\/a><\/div><\/li>\n<\/ul>","protected":false},"excerpt":{"rendered":"","protected":false},"author":1,"featured_media":16356,"parent":0,"menu_order":0,"comment_status":"closed","ping_status":"closed","template":"","meta":{"footnotes":""},"class_list":["post-2","page","type-page","status-publish","has-post-thumbnail","hentry"],"_links":{"self":[{"href":"https:\/\/www.zsp3katowice.cal24.pl\/mp38\/wp-json\/wp\/v2\/pages\/2","targetHints":{"allow":["GET"]}}],"collection":[{"href":"https:\/\/www.zsp3katowice.cal24.pl\/mp38\/wp-json\/wp\/v2\/pages"}],"about":[{"href":"https:\/\/www.zsp3katowice.cal24.pl\/mp38\/wp-json\/wp\/v2\/types\/page"}],"author":[{"embeddable":true,"href":"https:\/\/www.zsp3katowice.cal24.pl\/mp38\/wp-json\/wp\/v2\/users\/1"}],"replies":[{"embeddable":true,"href":"https:\/\/www.zsp3katowice.cal24.pl\/mp38\/wp-json\/wp\/v2\/comments?post=2"}],"version-history":[{"count":3,"href":"https:\/\/www.zsp3katowice.cal24.pl\/mp38\/wp-json\/wp\/v2\/pages\/2\/revisions"}],"predecessor-version":[{"id":30068,"href":"https:\/\/www.zsp3katowice.cal24.pl\/mp38\/wp-json\/wp\/v2\/pages\/2\/revisions\/30068"}],"wp:featuredmedia":[{"embeddable":true,"href":"https:\/\/www.zsp3katowice.cal24.pl\/mp38\/wp-json\/wp\/v2\/media\/16356"}],"wp:attachment":[{"href":"https:\/\/www.zsp3katowice.cal24.pl\/mp38\/wp-json\/wp\/v2\/media?parent=2"}],"curies":[{"name":"wp","href":"https:\/\/api.w.org\/{rel}","templated":true}]}}