{"id":34117,"date":"2026-09-01T08:00:00","date_gmt":"2026-09-01T07:00:00","guid":{"rendered":"https:\/\/www.zsp3katowice.cal24.pl\/mp38\/?page_id=34117"},"modified":"2026-09-01T14:11:17","modified_gmt":"2026-09-01T13:11:17","slug":"przedszkolaki-2026-2027","status":"publish","type":"page","link":"https:\/\/www.zsp3katowice.cal24.pl\/mp38\/przedszkolaki-2026-2027\/","title":{"rendered":"Przedszkolaki 2026\/2027"},"content":{"rendered":"\n<p class=\"has-text-align-center has-larger-font-size\"><strong>NAUCZYCIELE GRUPY<\/strong><\/p>\n\n\n\n<p class=\"has-text-align-center\"><strong>Pani Ela\u2013&nbsp;<\/strong>wychowawca grupy<\/p>\n\n\n\n<p class=\"has-text-align-center\"><strong>Pani Kasia<\/strong>&#8211; nauczyciel grupy<\/p>\n\n\n\n<p class=\"has-text-align-center\"><strong>Pani Bo\u017cena <\/strong>&#8211; nauczyciel grupy<\/p>\n\n\n\n<p class=\"has-text-align-center\"><strong>Pani Ma\u0142gorzata <\/strong>&#8211; nauczyciel wsp\u00f3\u0142organizuj\u0105cy<\/p>\n\n\n\n<p><\/p>\n\n\n\n<p class=\"has-text-align-center has-larger-font-size\"><strong>Szanowni Rodzice!<\/strong><\/p>\n\n\n\n<p class=\"has-text-align-center\">Przedstawiamy terminy zebra\u0144 i konsultacji w roku szkolnym 2026\/2027.<\/p>\n\n\n\n<p class=\"has-text-align-center\">Zebrania s\u0105 \u015bwietn\u0105 okazj\u0105 do poznania i om\u00f3wienia pracy grupy, zrozumienia wyzwa\u0144 wychowawczych lub zaproponowania w\u0142asnych pomys\u0142\u00f3w i rozwi\u0105za\u0144. Zach\u0119camy Pa\u0144stwa do korzystania z tej mo\u017cliwo\u015bci spotkania z nauczycielami, kt\u00f3rzy profesjonalnie i z sercem podchodz\u0105 do swojej pracy.<\/p>\n\n\n\n<p class=\"has-text-align-center\">Konsultacje przeznaczone s\u0105 na spotkania indywidualne, na kt\u00f3rych omawiane s\u0105 post\u0119py edukacyjne dziecka, jego zachowanie, mocne i s\u0142abe strony oraz mo\u017cliwo\u015bci \u015bcie\u017cki edukacyjnej.<\/p>\n\n\n\n<p class=\"has-text-align-center\">Prosimy o wcze\u015bniejsze um\u00f3wienie si\u0119 z poszczeg\u00f3lnymi nauczycielkami na termin, jaki b\u0119dzie dla Pa\u0144stwa odpowiedni. <\/p>\n\n\n\n<p><\/p>\n\n\n\n<p class=\"has-text-align-center has-larger-font-size\"><strong><u>ZEBRANIA Z RODZICAMI<\/u><\/strong><\/p>\n\n\n\n<p class=\"has-text-align-center\"><strong>I zebranie organizacyjne<\/strong><\/p>\n\n\n\n<p class=\"has-text-align-center\">czwartek 3 wrze\u015bnia 2026 r., godzina 16:30<\/p>\n\n\n\n<p class=\"has-text-align-center\"><strong>II zebranie p\u00f3\u0142roczne<\/strong><\/p>\n\n\n\n<p class=\"has-text-align-center\">poniedzia\u0142ek 11 stycznia 202 r., godzina 16:30<\/p>\n\n\n\n<p class=\"has-text-align-center\"><strong>III zebranie podsumowuj\u0105ce rok<\/strong><\/p>\n\n\n\n<p class=\"has-text-align-center\">poniedzia\u0142ek 7 czerwca 2026 r., godzina 16:30<\/p>\n\n\n\n<p class=\"has-text-align-center has-larger-font-size\"><strong><u>KONSULTACJE DLA RODZIC\u00d3W<\/u><\/strong><\/p>\n\n\n\n<p class=\"has-text-align-center\"><strong>poniedzia\u0142ek 5 pa\u017adziernika 2026 r<\/strong>., godzina 16:00-17:00<\/p>\n\n\n\n<p class=\"has-text-align-center\"><strong>poniedzia\u0142ek 16 listopada 2026 r.<\/strong>, godzina 16:00-17:00<\/p>\n\n\n\n<p class=\"has-text-align-center\"><strong>poniedzia\u0142ek 15 lutego 2027 r.,<\/strong> godzina 16:00-17:00<\/p>\n\n\n\n<p class=\"has-text-align-center\"><strong>poniedzia\u0142ek 15 marca 2027 r.,<\/strong> godzina 16:00-17:00<\/p>\n\n\n\n<p class=\"has-text-align-center\"><strong>poniedzia\u0142ek 19 kwietnia 2027 r.,<\/strong> godzina 16:00-17:00<\/p>\n\n\n\n<p class=\"has-text-align-center\"><strong>poniedzia\u0142ek 17 maja 2027 r.,<\/strong> godzina 16:00-17:00<\/p>\n\n\n\n<p class=\"has-text-align-center has-small-font-size\"><\/p>\n\n\n\n<p class=\"has-text-align-center has-regular-font-size\">Prosimy o wcze\u015bniejsze ustalenie z nauczycielem grupy terminu i godziny konsultacji.<\/p>\n\n\n\n<p class=\"has-text-align-center\"><em>!!! Z przyczyn niezale\u017cnych od nas, terminy i godziny zebra\u0144 i konsultacji mog\u0105 ulec zmianie !!!<\/em><\/p>\n","protected":false},"excerpt":{"rendered":"<p>NAUCZYCIELE GRUPY Pani Ela\u2013&nbsp;wychowawca grupy Pani Kasia&#8211; nauczyciel grupy [&hellip;]<\/p>\n","protected":false},"author":1,"featured_media":34119,"parent":0,"menu_order":0,"comment_status":"closed","ping_status":"closed","template":"","meta":{"footnotes":""},"class_list":["post-34117","page","type-page","status-publish","has-post-thumbnail","hentry"],"_links":{"self":[{"href":"https:\/\/www.zsp3katowice.cal24.pl\/mp38\/wp-json\/wp\/v2\/pages\/34117","targetHints":{"allow":["GET"]}}],"collection":[{"href":"https:\/\/www.zsp3katowice.cal24.pl\/mp38\/wp-json\/wp\/v2\/pages"}],"about":[{"href":"https:\/\/www.zsp3katowice.cal24.pl\/mp38\/wp-json\/wp\/v2\/types\/page"}],"author":[{"embeddable":true,"href":"https:\/\/www.zsp3katowice.cal24.pl\/mp38\/wp-json\/wp\/v2\/users\/1"}],"replies":[{"embeddable":true,"href":"https:\/\/www.zsp3katowice.cal24.pl\/mp38\/wp-json\/wp\/v2\/comments?post=34117"}],"version-history":[{"count":3,"href":"https:\/\/www.zsp3katowice.cal24.pl\/mp38\/wp-json\/wp\/v2\/pages\/34117\/revisions"}],"predecessor-version":[{"id":34168,"href":"https:\/\/www.zsp3katowice.cal24.pl\/mp38\/wp-json\/wp\/v2\/pages\/34117\/revisions\/34168"}],"wp:featuredmedia":[{"embeddable":true,"href":"https:\/\/www.zsp3katowice.cal24.pl\/mp38\/wp-json\/wp\/v2\/media\/34119"}],"wp:attachment":[{"href":"https:\/\/www.zsp3katowice.cal24.pl\/mp38\/wp-json\/wp\/v2\/media?parent=34117"}],"curies":[{"name":"wp","href":"https:\/\/api.w.org\/{rel}","templated":true}]}}

<p class="has-text-align-center has-larger-font-size"><strong>NAUCZYCIELE GRUPY</strong></p>



<p class="has-text-align-center"><strong>Pani Ela–&nbsp;</strong>wychowawca grupy</p>



<p class="has-text-align-center"><strong>Pani Kasia</strong>&#8211; nauczyciel grupy</p>



<p class="has-text-align-center"><strong>Pani Bożena </strong>&#8211; nauczyciel grupy</p>



<p class="has-text-align-center"><strong>Pani Małgorzata </strong>&#8211; nauczyciel współorganizujący</p>



<p></p>



<p class="has-text-align-center has-larger-font-size"><strong>Szanowni Rodzice!</strong></p>



<p class="has-text-align-center">Przedstawiamy terminy zebrań i konsultacji w roku szkolnym 2026/2027.</p>



<p class="has-text-align-center">Zebrania są świetną okazją do poznania i omówienia pracy grupy, zrozumienia wyzwań wychowawczych lub zaproponowania własnych pomysłów i rozwiązań. Zachęcamy Państwa do korzystania z tej możliwości spotkania z nauczycielami, którzy profesjonalnie i z sercem podchodzą do swojej pracy.</p>



<p class="has-text-align-center">Konsultacje przeznaczone są na spotkania indywidualne, na których omawiane są postępy edukacyjne dziecka, jego zachowanie, mocne i słabe strony oraz możliwości ścieżki edukacyjnej.</p>



<p class="has-text-align-center">Prosimy o wcześniejsze umówienie się z poszczególnymi nauczycielkami na termin, jaki będzie dla Państwa odpowiedni. </p>



<p></p>



<p class="has-text-align-center has-larger-font-size"><strong><u>ZEBRANIA Z RODZICAMI</u></strong></p>



<p class="has-text-align-center"><strong>I zebranie organizacyjne</strong></p>



<p class="has-text-align-center">czwartek 3 września 2026 r., godzina 16:30</p>



<p class="has-text-align-center"><strong>II zebranie półroczne</strong></p>



<p class="has-text-align-center">poniedziałek 11 stycznia 202 r., godzina 16:30</p>



<p class="has-text-align-center"><strong>III zebranie podsumowujące rok</strong></p>



<p class="has-text-align-center">poniedziałek 7 czerwca 2026 r., godzina 16:30</p>



<p class="has-text-align-center has-larger-font-size"><strong><u>KONSULTACJE DLA RODZICÓW</u></strong></p>



<p class="has-text-align-center"><strong>poniedziałek 5 października 2026 r</strong>., godzina 16:00-17:00</p>



<p class="has-text-align-center"><strong>poniedziałek 16 listopada 2026 r.</strong>, godzina 16:00-17:00</p>



<p class="has-text-align-center"><strong>poniedziałek 15 lutego 2027 r.,</strong> godzina 16:00-17:00</p>



<p class="has-text-align-center"><strong>poniedziałek 15 marca 2027 r.,</strong> godzina 16:00-17:00</p>



<p class="has-text-align-center"><strong>poniedziałek 19 kwietnia 2027 r.,</strong> godzina 16:00-17:00</p>



<p class="has-text-align-center"><strong>poniedziałek 17 maja 2027 r.,</strong> godzina 16:00-17:00</p>



<p class="has-text-align-center has-small-font-size"></p>



<p class="has-text-align-center has-regular-font-size">Prosimy o wcześniejsze ustalenie z nauczycielem grupy terminu i godziny konsultacji.</p>



<p class="has-text-align-center"><em>!!! Z przyczyn niezależnych od nas, terminy i godziny zebrań i konsultacji mogą ulec zmianie !!!</em></p>
